{"id":5638,"date":"2017-05-08T15:24:34","date_gmt":"2017-05-08T15:24:34","guid":{"rendered":"https:\/\/topazioazul.pt\/index.php\/about-us-ii\/"},"modified":"2023-07-13T19:11:45","modified_gmt":"2023-07-13T19:11:45","slug":"main","status":"publish","type":"page","link":"https:\/\/topazioazul.pt\/","title":{"rendered":"Main"},"content":{"rendered":"<p>[vc_row section_type=&#8221;fullwidth&#8221; height_ratio=&#8221;50&#8243; padding_top_multiplier=&#8221;&#8221; padding_bottom_multiplier=&#8221;&#8221; columns_gap=&#8221;none&#8221; equal_column_height=&#8221;equal&#8221; section_id=&#8221;inaugurada&#8221; el_class=&#8221;flex-column-reverse&#8221;][vc_column width=&#8221;1\/2&#8243; content_width=&#8221;50&#8243; horizontal_content_position=&#8221;center&#8221; vertical_content_position=&#8221;middle&#8221; tablet_content_width=&#8221;reset&#8221; tablet_sm_content_width=&#8221;reset&#8221; mobile_content_width=&#8221;reset&#8221; rc_font_color=&#8221;#000000&#8243; css=&#8221;.vc_custom_1688151371117{padding-top: 60px !important;padding-right: 60px !important;padding-bottom: 60px !important;padding-left: 60px !important;}&#8221;][vc_column_text animation=&#8221;eut-fade-in&#8221; animation_delay=&#8221;400&#8243;]Na <strong>Top\u00e1zio Azul <\/strong> acreditamos que \u00e9 cada uma das pe\u00e7as que escolhemos que nos faz ser \u00fanicos. E desde h\u00e1 30 anos que fazemos dessa procura a nossa miss\u00e3o.[\/vc_column_text]<div class=\"eut-empty-space eut-height-2x\" style=\"\"><\/div>[\/vc_column][vc_column width=&#8221;1\/2&#8243; rc_bg_type=&#8221;image&#8221; rc_bg_image=&#8221;5610&#8243; rc_bg_image_type=&#8221;parallax&#8221; height_ratio=&#8221;60&#8243;]<div class=\"eut-empty-space\" style=\"height: 200px;\"><\/div>[\/vc_column][\/vc_row][vc_row section_type=&#8221;fullwidth&#8221; height_ratio=&#8221;50&#8243; padding_top_multiplier=&#8221;&#8221; padding_bottom_multiplier=&#8221;&#8221; columns_gap=&#8221;none&#8221; equal_column_height=&#8221;equal&#8221;][vc_column width=&#8221;1\/2&#8243; rc_bg_type=&#8221;image&#8221; rc_bg_image=&#8221;5615&#8243; rc_bg_image_type=&#8221;parallax&#8221; height_ratio=&#8221;60&#8243;]<div class=\"eut-empty-space\" style=\"height: 200px;\"><\/div>[\/vc_column][vc_column width=&#8221;1\/2&#8243; content_width=&#8221;50&#8243; horizontal_content_position=&#8221;center&#8221; vertical_content_position=&#8221;middle&#8221; tablet_content_width=&#8221;reset&#8221; tablet_sm_content_width=&#8221;reset&#8221; mobile_content_width=&#8221;reset&#8221; rc_font_color=&#8221;#000000&#8243; css=&#8221;.vc_custom_1688151225548{padding-top: 60px !important;padding-right: 60px !important;padding-bottom: 60px !important;padding-left: 60px !important;}&#8221;][vc_column_text animation=&#8221;eut-fade-in-up&#8221; animation_delay=&#8221;600&#8243;]Inaugurada a 31 de agosto de 1996, pelas m\u00e3os de Carla Ara\u00fajo, a ourivesaria <strong>Top\u00e1zio Azul<\/strong> re\u00fane num s\u00f3 lugar pe\u00e7as de joalharia e relojoaria para diferentes idades e diferentes estilos, desde o mais cl\u00e1ssico ao mais ousado, para que cada joia que levam para casa vos fa\u00e7a sentir \u00fanicos e especiais.[\/vc_column_text][\/vc_column][\/vc_row][vc_row section_type=&#8221;fullwidth&#8221; height_ratio=&#8221;50&#8243; padding_top_multiplier=&#8221;&#8221; padding_bottom_multiplier=&#8221;&#8221; columns_gap=&#8221;none&#8221; equal_column_height=&#8221;equal&#8221; section_id=&#8221;Anossapaixao&#8221; el_class=&#8221;flex-column-reverse&#8221;][vc_column width=&#8221;1\/2&#8243; content_width=&#8221;50&#8243; horizontal_content_position=&#8221;center&#8221; vertical_content_position=&#8221;middle&#8221; tablet_content_width=&#8221;reset&#8221; tablet_sm_content_width=&#8221;reset&#8221; mobile_content_width=&#8221;reset&#8221; rc_font_color=&#8221;#000000&#8243; css=&#8221;.vc_custom_1688151371117{padding-top: 60px !important;padding-right: 60px !important;padding-bottom: 60px !important;padding-left: 60px !important;}&#8221;]<h3 class=\"eut-element eut-title eut-align-inherit eut-animated-item eut-fade-in eut-duration-normal eut-h3\" style=\"\" data-delay=\"200\"><span><strong>A nossa paix\u00e3o<\/strong><\/span><\/h3>[vc_column_text animation=&#8221;eut-fade-in&#8221; animation_delay=&#8221;400&#8243;]Acreditamos que uma joia \u00e9 mais do que um simples acess\u00f3rio, \u00e9 uma forma de expressar quem somos, de celebrar momentos importantes da vida e real\u00e7ar liga\u00e7\u00f5es que nos aproximam uns dos outros. Na <strong>Top\u00e1zio Azul <\/strong>apostamos na variedade, na eleg\u00e2ncia e intemporalidade das pe\u00e7as.[\/vc_column_text]<div class=\"eut-empty-space eut-height-2x\" style=\"\"><\/div>[\/vc_column][vc_column width=&#8221;1\/2&#8243; rc_bg_type=&#8221;image&#8221; rc_bg_image=&#8221;5609&#8243; rc_bg_image_type=&#8221;parallax&#8221; height_ratio=&#8221;60&#8243;]<div class=\"eut-empty-space\" style=\"height: 200px;\"><\/div>[\/vc_column][\/vc_row][vc_row section_type=&#8221;fullwidth&#8221; height_ratio=&#8221;50&#8243; padding_top_multiplier=&#8221;&#8221; padding_bottom_multiplier=&#8221;&#8221; columns_gap=&#8221;none&#8221; equal_column_height=&#8221;equal&#8221; section_id=&#8221;Asnossasjoias&#8221;][vc_column width=&#8221;1\/2&#8243; content_width=&#8221;50&#8243; horizontal_content_position=&#8221;center&#8221; vertical_content_position=&#8221;middle&#8221; rc_bg_type=&#8221;image&#8221; rc_bg_image=&#8221;5614&#8243; tablet_content_width=&#8221;reset&#8221; tablet_sm_content_width=&#8221;reset&#8221; mobile_content_width=&#8221;reset&#8221; rc_font_color=&#8221;#000000&#8243;]<div class=\"eut-empty-space\" style=\"height: 200px;\"><\/div>[\/vc_column][vc_column width=&#8221;1\/2&#8243; content_width=&#8221;90&#8243; height_ratio=&#8221;60&#8243; css=&#8221;.vc_custom_1688083869700{padding-top: 60px !important;padding-right: 60px !important;padding-bottom: 60px !important;padding-left: 60px !important;}&#8221;]<h3 class=\"eut-element eut-title eut-align-inherit eut-animated-item eut-fade-in eut-duration-normal eut-h3\" style=\"\" data-delay=\"200\"><span><strong>As nossas joias<\/strong><\/span><\/h3>[vc_column_text animation=&#8221;eut-fade-in&#8221; animation_delay=&#8221;400&#8243;]Cada uma das nossas joias tem uma hist\u00f3ria para contar. Elas carregam mem\u00f3rias que nos conectam, mesmo que o tempo passe.[\/vc_column_text]<div class=\"eut-empty-space eut-height-2x\" style=\"\"><\/div>[\/vc_column][\/vc_row][vc_row section_type=&#8221;fullwidth&#8221; height_ratio=&#8221;50&#8243; padding_top_multiplier=&#8221;&#8221; padding_bottom_multiplier=&#8221;&#8221; columns_gap=&#8221;none&#8221; equal_column_height=&#8221;equal&#8221; section_id=&#8221;Anossapaixao&#8221; el_class=&#8221;flex-column-reverse&#8221;][vc_column width=&#8221;1\/2&#8243; content_width=&#8221;50&#8243; horizontal_content_position=&#8221;center&#8221; vertical_content_position=&#8221;middle&#8221; tablet_content_width=&#8221;reset&#8221; tablet_sm_content_width=&#8221;reset&#8221; mobile_content_width=&#8221;reset&#8221; rc_font_color=&#8221;#000000&#8243; css=&#8221;.vc_custom_1688151371117{padding-top: 60px !important;padding-right: 60px !important;padding-bottom: 60px !important;padding-left: 60px !important;}&#8221;][vc_column_text animation=&#8221;eut-fade-in-up&#8221; animation_delay=&#8221;400&#8243;]Na <strong>Top\u00e1zio Azul<\/strong> entendemos o valor emocional de cada uma das pe\u00e7as, seja um anel de noivado, um colar de amizade ou uma pulseira de fam\u00edlia.[\/vc_column_text]<div class=\"eut-empty-space eut-height-2x\" style=\"\"><\/div>[\/vc_column][vc_column width=&#8221;1\/2&#8243; rc_bg_type=&#8221;image&#8221; rc_bg_image=&#8221;5608&#8243; rc_bg_image_type=&#8221;parallax&#8221; height_ratio=&#8221;60&#8243;]<div class=\"eut-empty-space\" style=\"height: 200px;\"><\/div>[\/vc_column][\/vc_row][vc_row section_type=&#8221;fullwidth&#8221; height_ratio=&#8221;50&#8243; padding_top_multiplier=&#8221;&#8221; padding_bottom_multiplier=&#8221;&#8221; columns_gap=&#8221;none&#8221; equal_column_height=&#8221;equal&#8221; section_id=&#8221;Nossahistoria&#8221;][vc_column width=&#8221;1\/2&#8243; rc_bg_type=&#8221;image&#8221; rc_bg_image=&#8221;5613&#8243; rc_bg_image_type=&#8221;parallax&#8221; height_ratio=&#8221;60&#8243;]<div class=\"eut-empty-space\" style=\"height: 200px;\"><\/div>[\/vc_column][vc_column width=&#8221;1\/2&#8243; content_width=&#8221;50&#8243; horizontal_content_position=&#8221;center&#8221; vertical_content_position=&#8221;middle&#8221; tablet_content_width=&#8221;reset&#8221; tablet_sm_content_width=&#8221;reset&#8221; mobile_content_width=&#8221;reset&#8221; rc_font_color=&#8221;#000000&#8243; css=&#8221;.vc_custom_1688151423327{padding-top: 60px !important;padding-right: 60px !important;padding-bottom: 60px !important;padding-left: 60px !important;}&#8221;]<h2 class=\"eut-element eut-title eut-align-inherit eut-animated-item eut-fade-in-up eut-duration-normal eut-h3\" style=\"\" data-delay=\"200\"><span><strong>A nossa hist\u00f3ria<\/strong><\/span><\/h2>[vc_column_text animation=&#8221;eut-fade-in-up&#8221; animation_delay=&#8221;600&#8243;]H\u00e1 algo m\u00e1gico e profundamente significativo quando uma tradi\u00e7\u00e3o \u00e9 passada de gera\u00e7\u00e3o em gera\u00e7\u00e3o.[\/vc_column_text]<div class=\"eut-empty-space eut-height-2x\" style=\"\"><\/div>[\/vc_column][\/vc_row][vc_row section_type=&#8221;fullwidth&#8221; height_ratio=&#8221;50&#8243; padding_top_multiplier=&#8221;&#8221; padding_bottom_multiplier=&#8221;&#8221; columns_gap=&#8221;none&#8221; equal_column_height=&#8221;equal&#8221; mobile_columns_vertical_gap=&#8221;none&#8221; section_id=&#8221;Anossapaixao&#8221; el_class=&#8221;flex-column-reverse&#8221;][vc_column width=&#8221;1\/2&#8243; content_width=&#8221;50&#8243; horizontal_content_position=&#8221;center&#8221; vertical_content_position=&#8221;middle&#8221; tablet_content_width=&#8221;reset&#8221; tablet_sm_content_width=&#8221;reset&#8221; mobile_content_width=&#8221;reset&#8221; rc_font_color=&#8221;#000000&#8243; css=&#8221;.vc_custom_1688151371117{padding-top: 60px !important;padding-right: 60px !important;padding-bottom: 60px !important;padding-left: 60px !important;}&#8221;][vc_column_text animation=&#8221;eut-fade-in-up&#8221; animation_delay=&#8221;400&#8243;]Na hist\u00f3ria da <strong>Top\u00e1zio Azul<\/strong> fazem parte tr\u00eas gera\u00e7\u00f5es que, todos os dias, trabalham a heran\u00e7a familiar na sua entrega e dedica\u00e7\u00e3o aos que por l\u00e1 passam.[\/vc_column_text]<div class=\"eut-empty-space eut-height-3x\" style=\"\"><\/div>[\/vc_column][vc_column width=&#8221;1\/2&#8243; rc_bg_type=&#8221;image&#8221; rc_bg_image=&#8221;5616&#8243; rc_bg_image_type=&#8221;parallax&#8221; height_ratio=&#8221;60&#8243;]<div class=\"eut-empty-space\" style=\"height: 200px;\"><\/div>[\/vc_column][\/vc_row][vc_row section_type=&#8221;fullwidth&#8221; height_ratio=&#8221;50&#8243; padding_top_multiplier=&#8221;&#8221; padding_bottom_multiplier=&#8221;&#8221; columns_gap=&#8221;none&#8221; equal_column_height=&#8221;equal&#8221;][vc_column width=&#8221;1\/2&#8243; rc_bg_type=&#8221;image&#8221; rc_bg_image=&#8221;5612&#8243; rc_bg_image_type=&#8221;parallax&#8221; height_ratio=&#8221;60&#8243;]<div class=\"eut-empty-space\" style=\"height: 200px;\"><\/div>[\/vc_column][vc_column width=&#8221;1\/2&#8243; content_width=&#8221;50&#8243; horizontal_content_position=&#8221;center&#8221; vertical_content_position=&#8221;middle&#8221; tablet_content_width=&#8221;reset&#8221; tablet_sm_content_width=&#8221;reset&#8221; mobile_content_width=&#8221;reset&#8221; rc_font_color=&#8221;#000000&#8243; css=&#8221;.vc_custom_1688151423327{padding-top: 60px !important;padding-right: 60px !important;padding-bottom: 60px !important;padding-left: 60px !important;}&#8221;][vc_column_text animation=&#8221;eut-fade-in-up&#8221; animation_delay=&#8221;600&#8243;]E muitos dos que nos conhecem desde h\u00e1 quase 30 anos j\u00e1 n\u00e3o s\u00e3o s\u00f3 clientes, s\u00e3o hist\u00f3rias de vida, s\u00e3o amigos, s\u00e3o fam\u00edlia&#8230; reflexo de um trabalho que atravessa o tempo e fortalece la\u00e7os de uma vida inteira.[\/vc_column_text]<div class=\"eut-empty-space eut-height-2x\" style=\"\"><\/div>[\/vc_column][\/vc_row][vc_row section_type=&#8221;fullwidth&#8221; height_ratio=&#8221;50&#8243; padding_top_multiplier=&#8221;&#8221; padding_bottom_multiplier=&#8221;&#8221; rc_bg_type=&#8221;color&#8221; columns_gap=&#8221;none&#8221; equal_column_height=&#8221;equal&#8221; rc_bg_color=&#8221;#afa99d&#8221;][vc_column height_ratio=&#8221;60&#8243; css=&#8221;.vc_custom_1689108101198{margin-top: 60px !important;margin-right: 10% !important;margin-bottom: 60px !important;margin-left: 10% !important;}&#8221; rc_font_color=&#8221;#ffffff&#8221;]<div class=\"eut-element eut-image eut-animated-item eut-fade-in eut-duration-normal imgwidth eut-align-center\" style=\"\" data-delay=\"200\">  <div class=\"eut-image-wrapper\"><img loading=\"lazy\" decoding=\"async\" width=\"750\" height=\"225\" src=\"https:\/\/topazioazul.pt\/wp-content\/uploads\/2023\/03\/TopazioAzul_logo_branco-e1688227668758.png\" class=\"attachment-full size-full\" alt=\"\" srcset=\"https:\/\/topazioazul.pt\/wp-content\/uploads\/2023\/03\/TopazioAzul_logo_branco-e1688227668758.png 750w, https:\/\/topazioazul.pt\/wp-content\/uploads\/2023\/03\/TopazioAzul_logo_branco-e1688227668758-300x90.png 300w\" sizes=\"auto, (max-width: 750px) 100vw, 750px\" \/>  <\/div><\/div><div class=\"eut-empty-space eut-height-2x\" style=\"\"><\/div>[vc_column_text animation=&#8221;eut-fade-in&#8221;]<\/p>\n<h4 style=\"text-align: center; color: white;\">Porque cada joia conta uma hist\u00f3ria \u00fanica, a Top\u00e1zio Azul re\u00fane uma cole\u00e7\u00e3o de pe\u00e7as que se destacam pela sua eleg\u00e2ncia e pela sua peculiaridade.<\/h4>\n<p>[\/vc_column_text]<div class=\"eut-empty-space eut-height-1x\" style=\"\"><\/div>[vc_column_text animation=&#8221;eut-fade-in&#8221;]<\/p>\n<h5 style=\"text-align: center; color: #696969;\">Na ourivesaria est\u00e3o dispon\u00edveis pe\u00e7as de joalharia, relojoaria e elementos decorativos.<\/h5>\n<p>[\/vc_column_text]<div class=\"eut-empty-space eut-height-2x\" style=\"\"><\/div><div class=\"eut-element eut-align-center eut-animated-item eut-fade-in eut-duration-normal\" data-delay=\"200\"><a href=\"#Formulariodecontacto\" class=\"eut-btn eut-btn-medium eut-extra-round eut-bg-primary-2 eut-bg-hover-black\"><span>Fale connosco!<\/span><\/a><\/div><div class=\"eut-empty-space eut-height-4x\" style=\"\"><\/div>[\/vc_column][\/vc_row][vc_row padding_top_multiplier=&#8221;&#8221; padding_bottom_multiplier=&#8221;&#8221;][vc_column]<div class=\"eut-map-wrapper\"><div class=\"eut-element eut-map grayscale\" data-lat=\"41.4090336\" data-lng=\"-8.5185196\" data-zoom=\"19\" data-disable-style=\"no\" style=\"height: 450px;\"><\/div>  <div style=\"display:none\" class=\"eut-map-point\" data-point-marker=\"\/\/topazioazul.pt\/wp-content\/themes\/zuperla\/images\/markers\/markers.png\" data-point-lat=\"41.4090336\" data-point-lng=\"-8.5185196\" data-point-title=\"\" data-point-type=\"image\"><\/div><\/div>[\/vc_column][\/vc_row][vc_row section_type=&#8221;fullwidth&#8221; section_id=&#8221;Formulariodecontacto&#8221;][vc_column width=&#8221;1\/3&#8243;]<div class=\"eut-empty-space eut-height-2x\" style=\"\"><\/div><h3 class=\"eut-element eut-title eut-align-inherit eut-h3\" style=\"\"><span>Fale connosco!<\/span><\/h3>[\/vc_column][vc_column width=&#8221;2\/3&#8243;]<div class=\"eut-empty-space eut-height-2x\" style=\"\"><\/div>\n<div class=\"wpcf7 no-js\" id=\"wpcf7-f1981-o1\" lang=\"en-US\" dir=\"ltr\">\n<div class=\"screen-reader-response\"><p role=\"status\" aria-live=\"polite\" aria-atomic=\"true\"><\/p> <ul><\/ul><\/div>\n<form action=\"\/index.php\/wp-json\/wp\/v2\/pages\/5638#wpcf7-f1981-o1\" method=\"post\" class=\"wpcf7-form init\" aria-label=\"Contact form\" novalidate=\"novalidate\" data-status=\"init\">\n<div style=\"display: none;\">\n<input type=\"hidden\" name=\"_wpcf7\" value=\"1981\" \/>\n<input type=\"hidden\" name=\"_wpcf7_version\" value=\"5.7.5.1\" \/>\n<input type=\"hidden\" name=\"_wpcf7_locale\" value=\"en_US\" \/>\n<input type=\"hidden\" name=\"_wpcf7_unit_tag\" value=\"wpcf7-f1981-o1\" \/>\n<input type=\"hidden\" name=\"_wpcf7_container_post\" value=\"0\" \/>\n<input type=\"hidden\" name=\"_wpcf7_posted_data_hash\" value=\"\" \/>\n<\/div>\n<div class=\"eut-form eut-fields-round\">\n\t<div class=\"eut-fields-wrapper\">\n\t\t<div>\n\t\t\t<p><span class=\"wpcf7-form-control-wrap\" data-name=\"your-name\"><input size=\"40\" class=\"wpcf7-form-control wpcf7-text wpcf7-validates-as-required\" aria-required=\"true\" aria-invalid=\"false\" placeholder=\"Nome (Obrigat\u00f3rio)\" value=\"\" type=\"text\" name=\"your-name\" \/><\/span>\n\t\t\t<\/p>\n\t\t<\/div>\n\t\t<div>\n\t\t\t<p><span class=\"wpcf7-form-control-wrap\" data-name=\"your-email\"><input size=\"40\" class=\"wpcf7-form-control wpcf7-text wpcf7-email wpcf7-validates-as-required wpcf7-validates-as-email\" aria-required=\"true\" aria-invalid=\"false\" placeholder=\"E mail (Obrigat\u00f3rio)\" value=\"\" type=\"email\" name=\"your-email\" \/><\/span>\n\t\t\t<\/p>\n\t\t<\/div>\n\t\t<div>\n\t\t\t<p><span class=\"wpcf7-form-control-wrap\" data-name=\"your-subject\"><input size=\"40\" class=\"wpcf7-form-control wpcf7-text\" aria-invalid=\"false\" placeholder=\"Assunto\" value=\"\" type=\"text\" name=\"your-subject\" \/><\/span>\n\t\t\t<\/p>\n\t\t<\/div>\n\t\t<div>\n\t\t\t<p><span class=\"wpcf7-form-control-wrap\" data-name=\"your-message\"><textarea cols=\"40\" rows=\"10\" class=\"wpcf7-form-control wpcf7-textarea\" aria-invalid=\"false\" placeholder=\"Mensagem\" name=\"your-message\"><\/textarea><\/span>\n\t\t\t<\/p>\n\t\t<\/div>\n\t\t<div>\n\t\t\t<p><input class=\"wpcf7-form-control has-spinner wpcf7-submit\" type=\"submit\" value=\"Enviar\" \/>\n\t\t\t<\/p>\n\t\t<\/div>\n\t<\/div>\n<\/div><p style=\"display: none !important;\"><label>&#916;<textarea name=\"_wpcf7_ak_hp_textarea\" cols=\"45\" rows=\"8\" maxlength=\"100\"><\/textarea><\/label><input type=\"hidden\" id=\"ak_js_1\" name=\"_wpcf7_ak_js\" value=\"39\"\/><script>document.getElementById( \"ak_js_1\" ).setAttribute( \"value\", ( new Date() ).getTime() );<\/script><\/p><div class=\"wpcf7-response-output\" aria-hidden=\"true\"><\/div>\n<\/form>\n<\/div>\n[\/vc_column][\/vc_row]<\/p>\n","protected":false},"excerpt":{"rendered":"<p>[vc_row section_type=&#8221;fullwidth&#8221; height_ratio=&#8221;50&#8243; padding_top_multiplier=&#8221;&#8221; padding_bottom_multiplier=&#8221;&#8221; columns_gap=&#8221;none&#8221; equal_column_height=&#8221;equal&#8221; section_id=&#8221;inaugurada&#8221; el_class=&#8221;flex-column-reverse&#8221;][vc_column width=&#8221;1\/2&#8243; content_width=&#8221;50&#8243; horizontal_content_position=&#8221;center&#8221; vertical_content_position=&#8221;middle&#8221; tablet_content_width=&#8221;reset&#8221; tablet_sm_content_width=&#8221;reset&#8221; mobile_content_width=&#8221;reset&#8221; rc_font_color=&#8221;#000000&#8243; css=&#8221;.vc_custom_1688151371117{padding-top: 60px !important;padding-right: 60px !important;padding-bottom: 60px !important;padding-left: 60px !important;}&#8221;][vc_column_text animation=&#8221;eut-fade-in&#8221; animation_delay=&#8221;400&#8243;]Na Top\u00e1zio Azul acreditamos que \u00e9 cada uma das pe\u00e7as que escolhemos que nos faz ser \u00fanicos. E desde h\u00e1 30 anos que fazemos dessa procura a nossa [&hellip;]<\/p>\n","protected":false},"author":1,"featured_media":0,"parent":0,"menu_order":0,"comment_status":"closed","ping_status":"closed","template":"","meta":{"footnotes":""},"class_list":["post-5638","page","type-page","status-publish","hentry"],"_links":{"self":[{"href":"https:\/\/topazioazul.pt\/index.php\/wp-json\/wp\/v2\/pages\/5638","targetHints":{"allow":["GET"]}}],"collection":[{"href":"https:\/\/topazioazul.pt\/index.php\/wp-json\/wp\/v2\/pages"}],"about":[{"href":"https:\/\/topazioazul.pt\/index.php\/wp-json\/wp\/v2\/types\/page"}],"author":[{"embeddable":true,"href":"https:\/\/topazioazul.pt\/index.php\/wp-json\/wp\/v2\/users\/1"}],"replies":[{"embeddable":true,"href":"https:\/\/topazioazul.pt\/index.php\/wp-json\/wp\/v2\/comments?post=5638"}],"version-history":[{"count":34,"href":"https:\/\/topazioazul.pt\/index.php\/wp-json\/wp\/v2\/pages\/5638\/revisions"}],"predecessor-version":[{"id":5709,"href":"https:\/\/topazioazul.pt\/index.php\/wp-json\/wp\/v2\/pages\/5638\/revisions\/5709"}],"wp:attachment":[{"href":"https:\/\/topazioazul.pt\/index.php\/wp-json\/wp\/v2\/media?parent=5638"}],"curies":[{"name":"wp","href":"https:\/\/api.w.org\/{rel}","templated":true}]}}